{"id":42,"date":"2024-05-22T17:02:32","date_gmt":"2024-05-22T15:02:32","guid":{"rendered":"https:\/\/choeursdecarcassonne.fr\/?page_id=42"},"modified":"2025-08-26T16:38:05","modified_gmt":"2025-08-26T14:38:05","slug":"les-choeurs","status":"publish","type":"page","link":"https:\/\/choeursdecarcassonne.fr\/index.php\/les-choeurs\/","title":{"rendered":"LES CHOEURS"},"content":{"rendered":"<p><\/p>\r\n<figure class=\"wp-block-gallery has-nested-images columns-default is-cropped wp-block-gallery-1 is-layout-flex wp-block-gallery-is-layout-flex\">\r\n<figure class=\"wp-block-image size-large\"><img loading=\"lazy\" decoding=\"async\" data-id=\"271\" class=\"wp-image-1082 aligncenter\" src=\"http:\/\/choeursdecarcassonne.fr\/wp-content\/uploads\/2025\/08\/IMG-20250719-WA0087-300x135.jpg\" alt=\"\" width=\"449\" height=\"202\" srcset=\"https:\/\/choeursdecarcassonne.fr\/wp-content\/uploads\/2025\/08\/IMG-20250719-WA0087-300x135.jpg 300w, https:\/\/choeursdecarcassonne.fr\/wp-content\/uploads\/2025\/08\/IMG-20250719-WA0087-1024x461.jpg 1024w, https:\/\/choeursdecarcassonne.fr\/wp-content\/uploads\/2025\/08\/IMG-20250719-WA0087-768x346.jpg 768w, https:\/\/choeursdecarcassonne.fr\/wp-content\/uploads\/2025\/08\/IMG-20250719-WA0087-1536x692.jpg 1536w, https:\/\/choeursdecarcassonne.fr\/wp-content\/uploads\/2025\/08\/IMG-20250719-WA0087-599x270.jpg 599w, https:\/\/choeursdecarcassonne.fr\/wp-content\/uploads\/2025\/08\/IMG-20250719-WA0087.jpg 1600w\" sizes=\"auto, (max-width: 449px) 100vw, 449px\" \/><\/figure>\r\n<p><\/p>\r\n<\/figure>\r\n<p><\/p>\r\n<p><\/p>\r\n<h4 class=\"wp-block-heading\"><strong>Les ch\u0153urs de Carcassonne, \u00e0 leur cr\u00e9ation en 1979 ont \u00e9t\u00e9 dirig\u00e9s par Jacques MIQUEL. Ayant re\u00e7u une formation de musicien classique, directeur du Th\u00e9\u00e2tre Municipal de Carcassonne, Jacques MIQUEL use de ses relations avec le Capitole de Toulouse, et notamment<\/strong><strong>\u00a0<\/strong><strong>avec son chef Michel PLASSON pour que les Ch\u0153urs de Carcassonne viennent renforcer les ch\u0153urs professionnels pour les op\u00e9ras ou pour les oratorios mont\u00e9s sur la sc\u00e8ne du grand th\u00e9\u00e2tre de la Cit\u00e9 dans le cadre de la programmation du Festival de la Cit\u00e9 de Carcassonne.<\/strong><\/h4>\r\n<p><\/p>\r\n<p><\/p>\r\n<h4 class=\"wp-block-heading\"><strong>Depuis une dizaine d\u2019ann\u00e9es, Jacques MIQUEL a laiss\u00e9 la direction musicale des Ch\u0153urs \u00e0 son fils Jean-Marc, apr\u00e8s lui avoir d\u00e9j\u00e0 transmis en 2013 celle de l\u2019Harmonie Municipale qu\u2019il a dirig\u00e9 pendant 38 ans.. Sous son impulsion, et dans le contexte diff\u00e9rent, le r\u00e9pertoire traditionnel classique des ch\u0153urs s\u2019est ouvert \u00e0 l\u2019apprentissage de musiques plus contemporaines et notamment de musiques \u00a0de films.<\/strong><\/h4>\r\n<p><\/p>\r\n<p><\/p>\r\n<h4 class=\"wp-block-heading\"><strong>C\u2019est donc naturellement que musiciens et choristes se retrouvent souvent en concert sous la baguette unique de leur chef Jean-Marc MIQUEL.<\/strong><\/h4>\r\n<p><\/p>\r\n<p><\/p>\r\n<h4 class=\"wp-block-heading\"><strong>Ils participent \u00e9galement \u00e0 toutes les c\u00e9r\u00e9monies officielles organis\u00e9es par la Ville de Carcassonne.<\/strong><\/h4>\r\n<p><\/p>\r\n<p><\/p>\r\n<p><\/p>\r\n<p><\/p>\r\n<p><\/p>\r\n<p><\/p>\r\n<h4 class=\"wp-block-heading\"><strong>Ils sont souvent accompagn\u00e9s au piano par Christine TRANCHANT<\/strong><\/h4>\r\n<p><\/p>","protected":false},"excerpt":{"rendered":"<p>Les ch\u0153urs de Carcassonne, \u00e0 leur cr\u00e9ation en 1979 ont \u00e9t\u00e9 dirig\u00e9s par Jacques MIQUEL. Ayant re\u00e7u une formation de musicien classique, directeur du Th\u00e9\u00e2tre Municipal de Carcassonne, Jacques MIQUEL use de ses relations avec le Capitole de Toulouse, et notamment\u00a0avec son chef Michel PLASSON pour que les Ch\u0153urs de Carcassonne viennent renforcer les ch\u0153urs professionnels pour les op\u00e9ras ou pour les oratorios mont\u00e9s sur la sc\u00e8ne du grand th\u00e9\u00e2tre de la Cit\u00e9 dans le cadre de la programmation du&#8230;<\/p>\n<p class=\"read-more\"><a class=\"btn btn-default\" href=\"https:\/\/choeursdecarcassonne.fr\/index.php\/les-choeurs\/\">Lire la suite<span class=\"screen-reader-text\"> Lire la suite<\/span><\/a><\/p>\n","protected":false},"author":1,"featured_media":0,"parent":0,"menu_order":0,"comment_status":"closed","ping_status":"closed","template":"","meta":{"footnotes":""},"class_list":["post-42","page","type-page","status-publish","hentry"],"_links":{"self":[{"href":"https:\/\/choeursdecarcassonne.fr\/index.php\/wp-json\/wp\/v2\/pages\/42","targetHints":{"allow":["GET"]}}],"collection":[{"href":"https:\/\/choeursdecarcassonne.fr\/index.php\/wp-json\/wp\/v2\/pages"}],"about":[{"href":"https:\/\/choeursdecarcassonne.fr\/index.php\/wp-json\/wp\/v2\/types\/page"}],"author":[{"embeddable":true,"href":"https:\/\/choeursdecarcassonne.fr\/index.php\/wp-json\/wp\/v2\/users\/1"}],"replies":[{"embeddable":true,"href":"https:\/\/choeursdecarcassonne.fr\/index.php\/wp-json\/wp\/v2\/comments?post=42"}],"version-history":[{"count":9,"href":"https:\/\/choeursdecarcassonne.fr\/index.php\/wp-json\/wp\/v2\/pages\/42\/revisions"}],"predecessor-version":[{"id":1167,"href":"https:\/\/choeursdecarcassonne.fr\/index.php\/wp-json\/wp\/v2\/pages\/42\/revisions\/1167"}],"wp:attachment":[{"href":"https:\/\/choeursdecarcassonne.fr\/index.php\/wp-json\/wp\/v2\/media?parent=42"}],"curies":[{"name":"wp","href":"https:\/\/api.w.org\/{rel}","templated":true}]}}